 207?
9
Calculate the highest common divisor of 1194015 and 10.
5
What is the highest common divisor of 60 and 238940?
20
Calculate the highest common factor of 381919 and 19.
19
Calculate the greatest common divisor of 506659 and 551.
29
What is the greatest common factor of 39707 and 118?
59
Calculate the highest common divisor of 133868 and 12977.
683
Calculate the highest common factor of 464 and 1280.
16
What is the greatest common factor of 678 and 162?
6
Calculate the highest common factor of 10096775 and 1322.
661
Calculate the greatest common divisor of 182 and 6578.
26
What is the highest common factor of 9956 and 6764?
76
What is the highest common divisor of 66852 and 84?
12
Calculate the highest common factor of 76 and 5909.
19
What is the highest common divisor of 58499 and 53704?
959
What is the greatest common factor of 48 and 111300?
12
Calculate the greatest common factor of 101962 and 14.
14
Calculate the greatest common divisor of 231 and 13002.
33
What is the greatest common divisor of 25 and 166825?
25
Calculate the greatest common divisor of 75 and 771.
3
What is the greatest common divisor of 1830 and 33890?
10
Calculate the highest common factor of 68 and 1666.
34
Calculate the highest common divisor of 621501 and 1338.
669
Calculate the highest common factor of 404182 and 2506.
358
What is the greatest common divisor of 36480 and 8550?
570
What is the greatest common divisor of 1864 and 16?
8
What is the highest common divisor of 407928 and 17112?
552
What is the greatest common factor of 552 and 592752?
24
What is the highest common divisor of 12566 and 184988?
206
Calculate the greatest common divisor of 6272 and 7252.
196
Calculate the highest common divisor of 872 and 290812.
436
What is the highest common factor of 7875 and 217125?
1125
What is the greatest common divisor of 48056 and 456?
8
Calculate the greatest common divisor of 5285889 and 147.
21
What is the greatest common divisor of 198600 and 72?
24
Calculate the highest common factor of 12492 and 4572.
36
Calculate the highest common factor of 17 and 7290314.
17
Calculate the highest common divisor of 4656 and 1920.
48
Calculate the highest common divisor of 21 and 73311.
21
Calculate the greatest common factor of 1246050 and 468.
234
What is the highest common divisor of 53664 and 33904?
208
Calculate the highest common divisor of 14760 and 280.
40
Calculate the greatest common divisor of 59323 and 11.
11
What is the highest common divisor of 12865 and 775?
155
What is the greatest common factor of 736744 and 133?
19
Calculate the highest common factor of 18 and 503406.
18
Calculate the greatest common divisor of 522 and 133632.
522
Calculate the highest common factor of 445748 and 188.
188
What is the highest common factor of 318512 and 544?
272
Calculate the greatest common divisor of 59873 and 66.
11
Calculate the greatest common factor of 1407784 and 21.
7
What is the greatest common divisor of 31749 and 969?
57
What is the greatest common factor of 45 and 266256?
9
What is the highest common divisor of 2994 and 397204?
998
What is the highest common factor of 52 and 15856?
4
What is the highest common factor of 8797104 and 16?
16
Calculate the highest common factor of 64 and 40992.
32
What is the greatest common factor of 36 and 98188?
4
Calculate the greatest common divisor of 17884 and 120454.
526
What is the greatest common factor of 4620 and 7315?
385
What is the highest common divisor of 2853 and 153?
9
Calculate the highest common divisor of 35860 and 340.
20
Calculate the greatest common divisor of 5488 and 4536.
56
What is the highest common factor of 1394609 and 577?
577
Calculate the greatest common factor of 1462 and 12274.
34
Calculate the highest common factor of 20 and 109760.
20
Calculate the greatest common divisor of 83 and 193639.
83
Calculate the highest common divisor of 579808 and 232.
8
Calculate the greatest common divisor of 5736 and 168.
24
Calculate the greatest common factor of 460 and 4651060.
460
Calculate the highest common factor of 19712 and 2352.
112
Calculate the highest common divisor of 328 and 2385544.
328
Calculate the highest common factor of 910 and 1222.
26
Calculate the greatest common factor of 700 and 10325.
175
Calculate the highest common factor of 5202 and 18054.
306
Calculate the highest common divisor of 1280 and 3560.
40
What is the highest common divisor of 114863 and 183?
61
Calculate the greatest common divisor of 678 and 467481.
339
Calculate the highest common factor of 317909 and 3711.
1237
What is the greatest common factor of 17889 and 113475?
267
Calculate the highest common factor of 6437 and 6847.
41
Calculate the greatest common factor of 386265 and 330.
165
Calculate the greatest common divisor of 400 and 19725.
25
Calculate the greatest common factor of 1850 and 138650.
50
What is the greatest common factor of 2448 and 414?
18
Calculate the highest common divisor of 7659 and 14985.
333
Calculate the highest common factor of 713 and 7595.
31
Calculate the greatest common divisor of 420 and 1330.
70
Calculate the highest common divisor of 612 and 24174.
306
Calculate the greatest common factor of 320 and 205.
5
What is the highest common factor of 213770 and 10?
10
Calculate the greatest common divisor of 2 and 13301.
1
What is the highest common factor of 9804 and 64980?
228
What is the highest common divisor of 31 and 1078211?
31
What is the greatest common factor of 67074 and 294?
42
Calculate the highest common divisor of 3213 and 19089.
189
What is the greatest common factor of 425665 and 5?
5
Calculate the greatest common factor of 3000 and 2316.
12
Calculate the highest common factor of 23923 and 509.
509
Calculate the greatest common factor of 35 and 50771.
7
What is the highest common factor of 358 and 272796?
358
What is the greatest common factor of 9 and 136692?
9
Calculate the greatest common factor of 31304 and 5148.
52
Calculate the highest common divisor of 1 and 8897.
1
What is the highest common divisor of 653840 and 760?
40
What is the greatest common divisor of 120 and 414900?
60
What is the greatest common divisor of 175 and 6419?
7
Calculate the greatest common divisor of 12 and 43572.
12
Calculate the greatest common divisor of 115767 and 171.
171
What is the greatest common factor of 10 and 4542?
2
What is the highest common divisor of 2820 and 540?
60
What is the highest common factor of 927710 and 457?
457
What is the highest common factor of 10503 and 324?
27
What is the highest common factor of 73429 and 7570?
757
What is the greatest common divisor of 6895 and 4585?
35
Calculate the greatest common factor of 43978 and 1166.
22
Calculate the highest common factor of 1004 and 754506.
502
Calculate the greatest common factor of 11490 and 1090.
10
Calculate the highest common factor of 6091378 and 226.
226
What is the highest common factor of 35350 and 184830?
1010
Calculate the greatest common divisor of 88821 and 2085.
417
What is the highest common divisor of 152436 and 24?
12
What is the greatest common factor of 37394 and 140?
14
Calculate the highest common divisor of 12 and 395468.
4
Calculate the highest common factor of 83124 and 4374.
18
Calculate the highest common factor of 84 and 28404.
12
What is the highest common factor of 42090 and 3294?
366
What is the greatest common factor of 41536 and 4202?
22
Calculate the greatest common divisor of 29083 and 7786.
229
Calculate the highest common divisor of 1 and 48109.
1
Calculate the highest common factor of 69780 and 300.
60
Calculate the greatest common factor of 5442 and 1188.
6
Calculate the highest common factor of 13145 and 495.
55
Calculate the greatest common factor of 176 and 73854.
22
What is the highest common divisor of 536232 and 156?
12
What is the highest common divisor of 79372 and 4?
4
Calculate the greatest common divisor of 9509 and 37.
37
Calculate the highest common factor of 898632 and 54.
18
Calculate the greatest common factor of 210 and 117670.
70
What is the greatest common divisor of 87872 and 4?
4
What is the greatest common divisor of 82964 and 196?
28
What is the greatest common divisor of 12376 and 1092?
364
Calculate the highest common divisor of 1324616 and 368.
184
W